or of f and c?
35
Suppose 0 = 3*u - 88 + 16. Suppose -4*d - h = -d - 177, 285 = 5*d + 5*h. Calculate the greatest common divisor of u and d.
12
Suppose -2*j + 29 = -23. Let q(b) = b**2 - 12*b - 30. Let p be q(18). Calculate the highest common factor of p and j.
26
Suppose 4*y - 290 + 86 = 4*u, 2*u = -y - 93. Let z = 405 + u. Suppose -2*n + z = n. What is the highest common factor of 17 and n?
17
Suppose -5*j + 2*m = -13 - 111, 2*j - 46 = -m. What is the highest common divisor of j and 228?
12
Suppose 116*g - 132*g = -48. What is the highest common divisor of g and 177?
3
Let m = -4 + 13. Suppose -m = x - 27. Calculate the highest common factor of 54 and x.
18
Suppose -t + 2*i = 18, 0 = -3*t - 0*i - i - 40. Let z = t - -20. Suppose 2*r - 5*r + 18 = 0. What is the highest common divisor of z and r?
6
Suppose -u + 24 = -3*u. Let n = u - -30. Suppose 0 = 2*k - 0*k - n. Calculate the greatest common divisor of k and 1.
1
Suppose -96*o = -102*o + 396. Calculate the greatest common divisor of 99 and o.
33
Let m be ((-39)/6)/((-765)/190 + 4). Calculate the highest common factor of m and 143.
13
Suppose 0 = -563*z - 67*z + 30870. Suppose -294 = -g - g. Calculate the greatest common factor of z and g.
49
Let l(x) = -2*x - 7. Let i be l(7). Suppose 1 = -4*o - 3. Let y be i*(o - (-2)/(-3)). What is the highest common divisor of 7 and y?
7
Suppose -8*n = -4*v - 4*n + 3860, -4*n - 20 = 0. What is the highest common factor of 60 and v?
60
Let n(c) = 2*c**2 + 7*c + 12. Let v be n(-6). Let f be (2/(-15)*v)/((-4)/10). What is the greatest common factor of f and 28?
14
Suppose 0 = -27*v - 60 + 492. Suppose 6*u - 4*u = 16. Calculate the highest common factor of v and u.
8
Let f be -4 + 0 + 1 + -1. Let k be f/(-10) - 123/(-5). Let h be 4 - -169 - (-4 + 2). What is the greatest common divisor of k and h?
25
Suppose 0*w = w. Let z(r) = -r**2 - r + 14. Let b be z(w). Suppose -5*a + 54 = 4*k - 7, -k - b = -2*a. Calculate the greatest common factor of 3 and a.
3
Let f(r) = -r**3 + 7*r**2 + 6*r + 12. Let t be f(7). Let y be (-136)/22 - 4/(-22). Let q be 405/y*(-12)/10. What is the greatest common factor of t and q?
27
Suppose 6 = -4*v - 3*p, 0 = -4*v + 3*p + 1 + 5. Suppose 2*t = 24 - v. Calculate the greatest common factor of 18 and t.
6
Suppose -g + 86 = 2*g - b, 0 = 5*g + 3*b - 162. What is the highest common factor of 50 and g?
10
Let r be 574/(-21) + 1/3. Let n = 17 + r. Let v(w) = -w**2 - 12*w - 4. Let a be v(n). What is the greatest common divisor of 2 and a?
2
Let y(o) = -o**2 + 9*o - 8. Let x be y(4). Suppose -b + x = 3*b. Suppose -4*j + 4*v = -80, -2*j + j = 2*v - 23. What is the highest common divisor of j and b?
3
Let l be (1 + -1 + 7)*600/35. Calculate the highest common factor of 45 and l.
15
Let m = -236 + 308. Calculate the highest common factor of m and 54.
18
Let m be (-10 + (-19 - 13))*112/(-21). Suppose 3*k + 115 = 4*l, l - 142 = -4*l + 2*k. Calculate the highest common divisor of l and m.
28
Suppose -243 - 189 = -4*q. Let j = -22 - -40. Suppose j*l - 36 = 15*l. Calculate the greatest common factor of l and q.
12
Let j = -1906 - -1910. Calculate the highest common divisor of j and 248.
4
Let w be 88/(-20)*(-690)/(-24)*-6. What is the highest common factor of w and 69?
69
Let w = -69 - -109. Let x(u) = u**2 - 23*u - 14. Let c be x(24). Calculate the highest common divisor of w and c.
10
Suppose g = 4*m + 136, 5*m + 0*m + 269 = 2*g. Suppose -3*v + 6*v - g = 0. Let b be 126/8 + 11/v. Calculate the greatest common factor of 48 and b.
16
Suppose -6*s + s + 605 = 0. Suppose 0 = 16*r + 62 - 187 - 51. Calculate the greatest common divisor of r and s.
11
Suppose 3*t = -12*g + 13*g + 763, 0 = -2*t - 3*g + 516. What is the greatest common factor of 30 and t?
15
Let r = 199 + -119. Let n = -4205 - -4210. Calculate the greatest common factor of n and r.
5
Let a(b) = 2*b**2 + 22*b - 46. Let j be a(-14). Calculate the greatest common factor of j and 190.
38
Let c(b) = -32*b + 16. Let g be c(-2). What is the greatest common divisor of g and 920?
40
Let t be (-140)/(-63) - 4/18 - -76. What is the greatest common factor of t and 12?
6
Suppose 47 = x - n, -n - 5 = -0. Suppose -7*m + 168 = 5*m. What is the greatest common divisor of m and x?
14
Let p be (6 - 2) + -1 + 2. Let z(s) = s**3 + 4*s**2 - 11*s + 10. Let x be z(p). Calculate the highest common divisor of 18 and x.
18
Suppose 5*m + 0*c - 3*c = 390, -2*m + 182 = 4*c. Let l = m + -72. Suppose -4*w + 76 = -x, -3*w + 31 = -2*x - 31. What is the greatest common divisor of w and l?
9
Suppose -m = -3*m + 20. Suppose 78 = m*z + 8. What is the highest common divisor of 56 and z?
7
Let y = 7 + 11. Suppose y = 3*u - 3. Let d be 4/(-14) - (-204)/28. What is the highest common factor of d and u?
7
Let l(c) = -c**2 - 14*c + 32. Let n be l(-15). Let q = 22 + n. Calculate the highest common divisor of q and 65.
13
Let w(a) = 11*a - 79. Let h be w(10). What is the highest common factor of 2 and h?
1
Suppose 3*q = 2*q. Suppose -11*v + 10*v + 14 = q. Calculate the highest common factor of v and 42.
14
Suppose -3*d + 568 + 90 = 5*z, 5*d - 1088 = -4*z. Suppose 0 = -3*l - d + 720. What is the highest common divisor of 24 and l?
24
Let r(n) = n**2 + 7*n - 27. Let y be (2/(-4))/(19/10 - 2). Let f be r(y). Calculate the highest common divisor of 33 and f.
33
Let w be (-30)/(-20) + (-14)/(-4). Suppose w*k - 96 = -s, -k - k + 41 = 3*s. What is the greatest common factor of k and 209?
19
Suppose 2*l - 60 = -3*l. Let y be (-4)/(l/27)*(5 - 6). What is the highest common factor of y and 45?
9
Let g = -2471 + 2481. Let w(m) = m**3 - m**2 + m + 40. Let i(a) = -a**2 - 3*a. Let l be i(-3). Let v be w(l). Calculate the greatest common divisor of v and g.
10
Let d(o) = -13*o - 15. Let k be d(-7). Let a = 83 - k. Calculate the greatest common divisor of 28 and a.
7
Let o = -4 - -4. Suppose g - 4*g + 4*m + 565 = o, 182 = g + 5*m. Calculate the highest common divisor of g and 17.
17
Let l = 4 + 0. Let h be (-216)/16*(-2)/3. Let x be (12/(-10))/(h/(-30)). What is the highest common factor of l and x?
4
Let n = 19 - 13. Suppose -n = -3*a + 3. Calculate the greatest common factor of a and 3.
3
Let c(x) = x + 1. Let i be c(1). Suppose 15 = -i*p + 5*p. Suppose b - 230 = p*u - 10*u, u - 2*b - 35 = 0. What is the highest common divisor of u and 9?
9
Let v = 2461 - 2366. Calculate the greatest common divisor of v and 25.
5
Let d be (-2 + (-40)/(-25))*-5. Suppose 2*j - 4*z = -d*j + 540, -j + 135 = 2*z. Let l = 30 - 15. Calculate the greatest common divisor of j and l.
15
Suppose -31*g - 1105 = -48*g. Calculate the greatest common factor of g and 39.
13
Let l = 10 - 10. Suppose l = 5*n + 367 + 183. Let u be 1*(-5 + 3) - n. What is the highest common divisor of u and 12?
12
Suppose 5319 = 39*i - 16989. What is the highest common factor of i and 52?
52
Suppose -122 - 4 = -3*j. What is the highest common factor of 105 and j?
21
Suppose -10*n + 2*n = -320. Calculate the greatest common divisor of 88 and n.
8
Let f be 39 - ((-36)/60 - 2/5). Let j(x) = -x**3 - 3*x**2 - x + 2. Let v be j(-3). Calculate the highest common divisor of f and v.
5
Let s = 97 + -67. Suppose -5*f = -4*k + 63, -f = -4*f + 5*k - s. Let t be (-280)/f - (-4)/(-6). Calculate the highest common divisor of t and 18.
18
Suppose -3*i + 87 = -2*o - 13, i - 20 = 4*o. Let b = 35 - 31. Suppose 3*q + 81 = 3*w, b*w - w - 84 = 4*q. Calculate the greatest common divisor of w and i.
12
Let j be (2 - -13)*(-5)/((-15)/7). Calculate the highest common factor of 5 and j.
5
Let d be (2 - -1)/((-2)/(-4)). Let u be d/(-8) - 387/(-36). Calculate the highest common divisor of 10 and u.
10
Let h = 500 - 400. What is the highest common factor of 400 and h?
100
Let h be 8/(-12) + 5/(-15). Let w be (-44)/h - (-4)/(24/6). Suppose -3*c + 5*o = -36 + 6, 0 = 3*c + 5*o. Calculate the greatest common factor of w and c.
5
Suppose -2*d = 2*d - 4*u + 20, 2*d + 3*u = 10. Let o(j) = 192*j**2 - j. Let v be o(d). Suppose -203 = -4*b + v. Calculate the greatest common factor of 9 and b.
9
Suppose -3*w - 875 - 518 = -2*z, 5*z - 4*w - 3500 = 0. What is the highest common factor of z and 22?
22
Let x(h) = h**2 - 73*h + 213. Let l be x(81). Calculate the highest common factor of 21 and l.
21
Suppose -3*b + 694 = 5*g, 4*b + 312 = 4*g - 2